{"id":92,"date":"2023-09-08T03:54:29","date_gmt":"2023-09-08T02:54:29","guid":{"rendered":"https:\/\/thucphamchayhoalacfood.com\/?post_type=product&#038;p=92"},"modified":"2025-07-18T14:30:40","modified_gmt":"2025-07-18T13:30:40","slug":"cha-hu-ki-chay-hoa-lac-500gr","status":"publish","type":"product","link":"https:\/\/thucphamchayhoalacfood.com\/index.php\/product\/cha-hu-ki-chay-hoa-lac-500gr\/","title":{"rendered":"Ch\u1ea3 H\u1ee7 ki chay Hoa L\u1ea1c 500gr"},"content":{"rendered":"\n<p>th\u00e0nh ph\u1ea7n : h\u1ee7 ki gia v\u1ecb thu\u1ea7n chay<br>c\u00e1ch d\u00f9ng r\u00e3 \u0111\u00f4ng kho ti\u00eau , \u0103n b\u00e1nh m\u00ec hoac chi\u00ean th\u1ea3 l\u1eabu<\/p>\n\n\n\n<p>33 tho\u1ea1i Ng\u1ecdc h\u1ea7u ho\u00e0 th\u1ea1nh T\u00e2n Ph\u00fa<br>Th\u1ef1c ph\u1ea9m chay Hoa L\u1ea1c<br>0969873871<br>h\u00e0ng tr\u1eef \u0111\u00f4ng<\/p>\n","protected":false},"excerpt":{"rendered":"<p>th\u00e0nh ph\u1ea7n : h\u1ee7 ki gia v\u1ecb thu\u1ea7n chayc\u00e1ch d\u00f9ng r\u00e3 \u0111\u00f4ng kho ti\u00eau , \u0103n b\u00e1nh m\u00ec hoac chi\u00ean th\u1ea3 l\u1eabu 33 tho\u1ea1i Ng\u1ecdc h\u1ea7u ho\u00e0 th\u1ea1nh T\u00e2n Ph\u00faTh\u1ef1c ph\u1ea9m chay Hoa L\u1ea1c0969873871h\u00e0ng tr\u1eef \u0111\u00f4ng<\/p>\n","protected":false},"featured_media":660,"comment_status":"open","ping_status":"closed","template":"","meta":{"om_disable_all_campaigns":false,"_monsterinsights_skip_tracking":false,"_monsterinsights_sitenote_active":false,"_monsterinsights_sitenote_note":"","_monsterinsights_sitenote_category":0},"product_cat":[31],"product_tag":[],"_links":{"self":[{"href":"https:\/\/thucphamchayhoalacfood.com\/index.php\/wp-json\/wp\/v2\/product\/92"}],"collection":[{"href":"https:\/\/thucphamchayhoalacfood.com\/index.php\/wp-json\/wp\/v2\/product"}],"about":[{"href":"https:\/\/thucphamchayhoalacfood.com\/index.php\/wp-json\/wp\/v2\/types\/product"}],"replies":[{"embeddable":true,"href":"https:\/\/thucphamchayhoalacfood.com\/index.php\/wp-json\/wp\/v2\/comments?post=92"}],"wp:featuredmedia":[{"embeddable":true,"href":"https:\/\/thucphamchayhoalacfood.com\/index.php\/wp-json\/wp\/v2\/media\/660"}],"wp:attachment":[{"href":"https:\/\/thucphamchayhoalacfood.com\/index.php\/wp-json\/wp\/v2\/media?parent=92"}],"wp:term":[{"taxonomy":"product_cat","embeddable":true,"href":"https:\/\/thucphamchayhoalacfood.com\/index.php\/wp-json\/wp\/v2\/product_cat?post=92"},{"taxonomy":"product_tag","embeddable":true,"href":"https:\/\/thucphamchayhoalacfood.com\/index.php\/wp-json\/wp\/v2\/product_tag?post=92"}],"curies":[{"name":"wp","href":"https:\/\/api.w.org\/{rel}","templated":true}]}}