{"id":784,"date":"2023-09-19T06:18:33","date_gmt":"2023-09-19T05:18:33","guid":{"rendered":"https:\/\/thucphamchayhoalacfood.com\/?post_type=product&#038;p=784"},"modified":"2023-09-24T12:40:27","modified_gmt":"2023-09-24T11:40:27","slug":"hu-tieu-nam-vang-chay","status":"publish","type":"product","link":"https:\/\/thucphamchayhoalacfood.com\/index.php\/product\/hu-tieu-nam-vang-chay\/","title":{"rendered":"H\u1ee7 ti\u1ebfu nam vang chay"},"content":{"rendered":"\n<p>H\u1ee7 Ti\u1ebfu Nam Vang Thu\u1ea7n Chay<\/p>\n\n\n\n<p>Theo kinh nghi\u1ec7m \u0103n nhi\u1ec1u lo\u1ea1i ph\u1edf , m\u00ec v\u00e0 h\u1ee7 ti\u1ebfu chay th\u00ec m\u00ecnh nh\u1eadn x\u00e9t H\u1ee7 Ti\u1ebfu lo\u1ea1i n\u00e0y l\u00e0 ngon nh\u1ea5t , \u0103n c\u00f3 h\u01b0\u01a1ng v\u1ecb th\u01a1m ngon , s\u1ee3i h\u1ee7 ti\u1ebfu dai , c\u00f3 g\u00f3i th\u1ecbt b\u1eb1m \u0103n s\u1ea7n s\u1eadt , n\u01b0\u1edbc d\u00f9ng \u0111\u1eadm \u0111\u00e0 , cay nh\u1eb9 v\u00e0 th\u01a1m m\u00f9i rau c\u1ee7 .<\/p>\n\n\n\n<p>\u0102n 1 l\u1ea7n l\u00e0 ghi\u1ec1n lu\u00f4n \u1ea1 , m\u00ecnh \u0103n m\u00ec ph\u1edf r\u1ea5t hay b\u1ecb ng\u00e1n nh\u01b0ng h\u1ee7 ti\u1ebfu n\u00e0y m\u00ecnh c\u00f3 th\u1ec3 \u0103n quanh n\u0103m<\/p>\n\n\n\n<p>H\u1ee7 ti\u1ebfu thu\u1ea7n chay ( kh\u00f4ng ng\u0169 v\u1ecb t\u00e2n , kh\u00f4ng b\u1ed9t ng\u1ecdt , k tr\u1ee9ng , k s\u1eefa , k m\u1eadt ong \u2026)<\/p>\n\n\n\n<p>C\u1ef1c k\u00ec ti\u1ec7n l\u1ee3i cho ng\u01b0\u1eddi b\u1eadn r\u1ed9n , l\u00e0 1 m\u00f3n \u0103n s\u00e1ng dinh d\u01b0\u1ee1ng<\/p>\n\n\n\n<p>Lh 0969873871<br>Th\u1ef1c ph\u1ea9m chay Hoa L\u1ea1c<\/p>\n","protected":false},"excerpt":{"rendered":"<p>H\u1ee7 Ti\u1ebfu Nam Vang Thu\u1ea7n Chay Theo kinh nghi\u1ec7m \u0103n nhi\u1ec1u lo\u1ea1i ph\u1edf , m\u00ec v\u00e0 h\u1ee7 ti\u1ebfu chay th\u00ec m\u00ecnh nh\u1eadn x\u00e9t H\u1ee7 Ti\u1ebfu lo\u1ea1i n\u00e0y l\u00e0 ngon nh\u1ea5t , \u0103n c\u00f3 h\u01b0\u01a1ng v\u1ecb th\u01a1m ngon , s\u1ee3i h\u1ee7 ti\u1ebfu dai , c\u00f3 g\u00f3i th\u1ecbt b\u1eb1m \u0103n s\u1ea7n s\u1eadt , n\u01b0\u1edbc d\u00f9ng \u0111\u1eadm \u0111\u00e0 &hellip; <\/p>\n<div class=\"link-more text-center\"><a href=\"https:\/\/thucphamchayhoalacfood.com\/index.php\/product\/hu-tieu-nam-vang-chay\/\" class=\"more-link py-2 px-4\">Read More<span class=\"screen-reader-text\"> &#8220;H\u1ee7 ti\u1ebfu nam vang chay&#8221;<\/span><\/a><\/div>\n","protected":false},"featured_media":785,"comment_status":"open","ping_status":"closed","template":"","meta":{"om_disable_all_campaigns":false,"_monsterinsights_skip_tracking":false,"_monsterinsights_sitenote_active":false,"_monsterinsights_sitenote_note":"","_monsterinsights_sitenote_category":0},"product_cat":[28],"product_tag":[],"_links":{"self":[{"href":"https:\/\/thucphamchayhoalacfood.com\/index.php\/wp-json\/wp\/v2\/product\/784"}],"collection":[{"href":"https:\/\/thucphamchayhoalacfood.com\/index.php\/wp-json\/wp\/v2\/product"}],"about":[{"href":"https:\/\/thucphamchayhoalacfood.com\/index.php\/wp-json\/wp\/v2\/types\/product"}],"replies":[{"embeddable":true,"href":"https:\/\/thucphamchayhoalacfood.com\/index.php\/wp-json\/wp\/v2\/comments?post=784"}],"wp:featuredmedia":[{"embeddable":true,"href":"https:\/\/thucphamchayhoalacfood.com\/index.php\/wp-json\/wp\/v2\/media\/785"}],"wp:attachment":[{"href":"https:\/\/thucphamchayhoalacfood.com\/index.php\/wp-json\/wp\/v2\/media?parent=784"}],"wp:term":[{"taxonomy":"product_cat","embeddable":true,"href":"https:\/\/thucphamchayhoalacfood.com\/index.php\/wp-json\/wp\/v2\/product_cat?post=784"},{"taxonomy":"product_tag","embeddable":true,"href":"https:\/\/thucphamchayhoalacfood.com\/index.php\/wp-json\/wp\/v2\/product_tag?post=784"}],"curies":[{"name":"wp","href":"https:\/\/api.w.org\/{rel}","templated":true}]}}