{"id":734,"date":"2023-09-19T04:29:17","date_gmt":"2023-09-19T03:29:17","guid":{"rendered":"https:\/\/thucphamchayhoalacfood.com\/?post_type=product&#038;p=734"},"modified":"2025-07-18T15:45:37","modified_gmt":"2025-07-18T14:45:37","slug":"canh-rong-bien-tam-minh-hop-10-goi-nho","status":"publish","type":"product","link":"https:\/\/thucphamchayhoalacfood.com\/index.php\/product\/canh-rong-bien-tam-minh-hop-10-goi-nho\/","title":{"rendered":"Canh rong bi\u1ec3n T\u00e2m Minh h\u1ed9p 10 g\u00f3i nh\u1ecf"},"content":{"rendered":"\n<p>th\u00e0nh ph\u1ea7n rong bi\u1ec3n , \u0111\u1eadu h\u1ee7 gia v\u1ecb thu\u1ea7n chay<br>c\u00e1ch d\u00f9ng b\u1ecf g\u00f3i gia v\u1ecb ra t\u00f4 ch\u1ebf n\u01b0\u1edbc s\u00f4i t\u1ea7m 3-5 ph\u00fat l\u00e0 c\u00f3 ng\u00e0y t\u00f4 canh thanh m\u00e1t<br>33 tho\u1ea1i Ng\u1ecdc H\u1ea7u ho\u00e0 th\u1ea1nh T\u00e2n<br>Th\u1ef1c ph\u1ea9m chay hoa L\u1ea1c<br>0969873871<\/p>\n","protected":false},"excerpt":{"rendered":"<p>th\u00e0nh ph\u1ea7n rong bi\u1ec3n , \u0111\u1eadu h\u1ee7 gia v\u1ecb thu\u1ea7n chayc\u00e1ch d\u00f9ng b\u1ecf g\u00f3i gia v\u1ecb ra t\u00f4 ch\u1ebf n\u01b0\u1edbc s\u00f4i t\u1ea7m 3-5 ph\u00fat l\u00e0 c\u00f3 ng\u00e0y t\u00f4 canh thanh m\u00e1t33 tho\u1ea1i Ng\u1ecdc H\u1ea7u ho\u00e0 th\u1ea1nh T\u00e2nTh\u1ef1c ph\u1ea9m chay hoa L\u1ea1c0969873871<\/p>\n","protected":false},"featured_media":735,"comment_status":"open","ping_status":"closed","template":"","meta":{"om_disable_all_campaigns":false,"_monsterinsights_skip_tracking":false,"_monsterinsights_sitenote_active":false,"_monsterinsights_sitenote_note":"","_monsterinsights_sitenote_category":0},"product_cat":[36],"product_tag":[],"_links":{"self":[{"href":"https:\/\/thucphamchayhoalacfood.com\/index.php\/wp-json\/wp\/v2\/product\/734"}],"collection":[{"href":"https:\/\/thucphamchayhoalacfood.com\/index.php\/wp-json\/wp\/v2\/product"}],"about":[{"href":"https:\/\/thucphamchayhoalacfood.com\/index.php\/wp-json\/wp\/v2\/types\/product"}],"replies":[{"embeddable":true,"href":"https:\/\/thucphamchayhoalacfood.com\/index.php\/wp-json\/wp\/v2\/comments?post=734"}],"wp:featuredmedia":[{"embeddable":true,"href":"https:\/\/thucphamchayhoalacfood.com\/index.php\/wp-json\/wp\/v2\/media\/735"}],"wp:attachment":[{"href":"https:\/\/thucphamchayhoalacfood.com\/index.php\/wp-json\/wp\/v2\/media?parent=734"}],"wp:term":[{"taxonomy":"product_cat","embeddable":true,"href":"https:\/\/thucphamchayhoalacfood.com\/index.php\/wp-json\/wp\/v2\/product_cat?post=734"},{"taxonomy":"product_tag","embeddable":true,"href":"https:\/\/thucphamchayhoalacfood.com\/index.php\/wp-json\/wp\/v2\/product_tag?post=734"}],"curies":[{"name":"wp","href":"https:\/\/api.w.org\/{rel}","templated":true}]}}