{"id":715,"date":"2023-09-19T03:46:57","date_gmt":"2023-09-19T02:46:57","guid":{"rendered":"https:\/\/thucphamchayhoalacfood.com\/?post_type=product&#038;p=715"},"modified":"2023-09-20T18:16:33","modified_gmt":"2023-09-20T17:16:33","slug":"cua-cay-chay-tri-hue-250gr","status":"publish","type":"product","link":"https:\/\/thucphamchayhoalacfood.com\/index.php\/product\/cua-cay-chay-tri-hue-250gr\/","title":{"rendered":"Cua c\u00e2y chay Tr\u00ed Hu\u1ec7 250gr"},"content":{"rendered":"\n<p>th\u00e0nh ph\u1ea7n : n\u01b0\u1edbc, tinh b\u1ed9t konijac, tinh b\u1ed9t khoai T\u00e2y ch\u1ea5t x\u01a1 l\u00faa m\u00ec , b\u1ed9t \u0111\u1ea1m \u0111\u1eadu n\u00e0nh<br>c\u00e1ch d\u00f9ng :R\u1ea2 \u0111\u00f4ng sau \u0111\u00f3 l\u0103n b\u1ed9t chi\u00ean gi\u00f2n, x\u00e0o n\u1ea5u l\u1eabu , n\u1ea5u s\u00fap, b\u00fan m\u1eafm b\u00fan r\u00eau \u2026.<br>33 tho\u1ea1i Ng\u1ecdc h\u1ea7u ho\u00e0 th\u1ea1nh T\u00e2n Ph\u00fa<br>Th\u1ef1c ph\u1ea9m chay Hoa L\u1ea1c<br>0969873871<br>h\u00e0ng tr\u1eef \u0111\u00f4ng<\/p>\n","protected":false},"excerpt":{"rendered":"<p>th\u00e0nh ph\u1ea7n : n\u01b0\u1edbc, tinh b\u1ed9t konijac, tinh b\u1ed9t khoai T\u00e2y ch\u1ea5t x\u01a1 l\u00faa m\u00ec , b\u1ed9t \u0111\u1ea1m \u0111\u1eadu n\u00e0nhc\u00e1ch d\u00f9ng :R\u1ea2 \u0111\u00f4ng sau \u0111\u00f3 l\u0103n b\u1ed9t chi\u00ean gi\u00f2n, x\u00e0o n\u1ea5u l\u1eabu , n\u1ea5u s\u00fap, b\u00fan m\u1eafm b\u00fan r\u00eau \u2026.33 tho\u1ea1i Ng\u1ecdc h\u1ea7u ho\u00e0 th\u1ea1nh T\u00e2n Ph\u00faTh\u1ef1c ph\u1ea9m chay Hoa L\u1ea1c0969873871h\u00e0ng tr\u1eef \u0111\u00f4ng<\/p>\n","protected":false},"featured_media":716,"comment_status":"open","ping_status":"closed","template":"","meta":{"om_disable_all_campaigns":false,"_monsterinsights_skip_tracking":false,"_monsterinsights_sitenote_active":false,"_monsterinsights_sitenote_note":"","_monsterinsights_sitenote_category":0},"product_cat":[24],"product_tag":[],"_links":{"self":[{"href":"https:\/\/thucphamchayhoalacfood.com\/index.php\/wp-json\/wp\/v2\/product\/715"}],"collection":[{"href":"https:\/\/thucphamchayhoalacfood.com\/index.php\/wp-json\/wp\/v2\/product"}],"about":[{"href":"https:\/\/thucphamchayhoalacfood.com\/index.php\/wp-json\/wp\/v2\/types\/product"}],"replies":[{"embeddable":true,"href":"https:\/\/thucphamchayhoalacfood.com\/index.php\/wp-json\/wp\/v2\/comments?post=715"}],"wp:featuredmedia":[{"embeddable":true,"href":"https:\/\/thucphamchayhoalacfood.com\/index.php\/wp-json\/wp\/v2\/media\/716"}],"wp:attachment":[{"href":"https:\/\/thucphamchayhoalacfood.com\/index.php\/wp-json\/wp\/v2\/media?parent=715"}],"wp:term":[{"taxonomy":"product_cat","embeddable":true,"href":"https:\/\/thucphamchayhoalacfood.com\/index.php\/wp-json\/wp\/v2\/product_cat?post=715"},{"taxonomy":"product_tag","embeddable":true,"href":"https:\/\/thucphamchayhoalacfood.com\/index.php\/wp-json\/wp\/v2\/product_tag?post=715"}],"curies":[{"name":"wp","href":"https:\/\/api.w.org\/{rel}","templated":true}]}}