{"id":672,"date":"2023-09-18T16:41:36","date_gmt":"2023-09-18T15:41:36","guid":{"rendered":"https:\/\/thucphamchayhoalacfood.com\/?post_type=product&#038;p=672"},"modified":"2025-07-18T14:25:18","modified_gmt":"2025-07-18T13:25:18","slug":"mi-can-bao-tu-chay-500gr","status":"publish","type":"product","link":"https:\/\/thucphamchayhoalacfood.com\/index.php\/product\/mi-can-bao-tu-chay-500gr\/","title":{"rendered":"M\u00ec c\u0103n bao t\u1eed chay 500gr"},"content":{"rendered":"<p>Th\u00e0nh ph\u1ea7n : l\u00e0m t\u1eeb b\u1ed9t m\u00ec c\u0103n<\/p>\n<p>\u0111\u00f9ng : chi\u00ean x\u00e0o l\u00e0m g\u1ecfi , x\u00e0o x\u1ea3 \u1edbt , kho rau c\u1ee7<\/p>\n<p>33 tho\u1ea1i Ng\u1ecdc H\u1ea7u ho\u00e0 th\u1ea1nh t\u00e2n Ph\u00fa<\/p>\n<p>Th\u1ef1c ph\u1ea9m chay Hoa L\u1ea1c<\/p>\n<p>0969873871<\/p>\n","protected":false},"excerpt":{"rendered":"<p>Th\u00e0nh ph\u1ea7n : l\u00e0m t\u1eeb b\u1ed9t m\u00ec c\u0103n \u0111\u00f9ng : chi\u00ean x\u00e0o l\u00e0m g\u1ecfi , x\u00e0o x\u1ea3 \u1edbt , kho rau c\u1ee7 33 tho\u1ea1i Ng\u1ecdc H\u1ea7u ho\u00e0 th\u1ea1nh t\u00e2n Ph\u00fa Th\u1ef1c ph\u1ea9m chay Hoa L\u1ea1c 0969873871<\/p>\n","protected":false},"featured_media":671,"comment_status":"open","ping_status":"closed","template":"","meta":{"om_disable_all_campaigns":false,"_monsterinsights_skip_tracking":false,"_monsterinsights_sitenote_active":false,"_monsterinsights_sitenote_note":"","_monsterinsights_sitenote_category":0},"product_cat":[24],"product_tag":[],"_links":{"self":[{"href":"https:\/\/thucphamchayhoalacfood.com\/index.php\/wp-json\/wp\/v2\/product\/672"}],"collection":[{"href":"https:\/\/thucphamchayhoalacfood.com\/index.php\/wp-json\/wp\/v2\/product"}],"about":[{"href":"https:\/\/thucphamchayhoalacfood.com\/index.php\/wp-json\/wp\/v2\/types\/product"}],"replies":[{"embeddable":true,"href":"https:\/\/thucphamchayhoalacfood.com\/index.php\/wp-json\/wp\/v2\/comments?post=672"}],"wp:featuredmedia":[{"embeddable":true,"href":"https:\/\/thucphamchayhoalacfood.com\/index.php\/wp-json\/wp\/v2\/media\/671"}],"wp:attachment":[{"href":"https:\/\/thucphamchayhoalacfood.com\/index.php\/wp-json\/wp\/v2\/media?parent=672"}],"wp:term":[{"taxonomy":"product_cat","embeddable":true,"href":"https:\/\/thucphamchayhoalacfood.com\/index.php\/wp-json\/wp\/v2\/product_cat?post=672"},{"taxonomy":"product_tag","embeddable":true,"href":"https:\/\/thucphamchayhoalacfood.com\/index.php\/wp-json\/wp\/v2\/product_tag?post=672"}],"curies":[{"name":"wp","href":"https:\/\/api.w.org\/{rel}","templated":true}]}}