{"id":2054,"date":"2025-07-01T07:35:25","date_gmt":"2025-07-01T06:35:25","guid":{"rendered":"https:\/\/thucphamchayhoalacfood.com\/index.php\/product\/mi-soon-han-quoc-goi-112gr\/"},"modified":"2025-07-18T14:19:40","modified_gmt":"2025-07-18T13:19:40","slug":"mi-soon-han-quoc-goi-112gr","status":"publish","type":"product","link":"https:\/\/thucphamchayhoalacfood.com\/index.php\/product\/mi-soon-han-quoc-goi-112gr\/","title":{"rendered":"M\u00ec soon H\u00e0n Qu\u1ed1c g\u00f3i 112gr"},"content":{"rendered":"<p>M\u00cc CHAY SOON RAMYUN VEGGIE NONGSHIM 120gr [\ub18d\uc2ec-\uc218\ucd9c]\uc21c\ub77c\uba74 (\uba40\ud2f0) &#8211; Date 12 Th\u00e1ng<\/p>\n<p>\ud835\udde0\ud835\udddc\u0300 \ud835\udde6\ud835\udde2\ud835\udde2\ud835\udde1 &#8211; \ud835\udddf\ud835\udde2\ud835\uddd4\u0323\ud835\udddc \ud835\udde0\ud835\udddc\u0300 \ud835\uddd6\ud835\udddb\ud835\uddd4\ud835\uddec &#8220;\ud835\udff0 \ud835\uddde\ud835\udddb\u00d4\ud835\udde1\ud835\uddda&#8221; \ud835\uddd6\ud835\udde8\u0309\ud835\uddd4 \ud835\udde1\ud835\udde2\ud835\udde1\ud835\uddda\ud835\udde6\ud835\udddb\ud835\udddc\ud835\udde0.<\/p>\n<p>\ud83d\udc49Kh\u00f4ng th\u1ecbt<\/p>\n<p>\ud83d\udc49Kh\u00f4ng b\u1ed9t ng\u1ecdt<\/p>\n<p>\ud83d\udc49Kh\u00f4ng ch\u1ea5t b\u00e9o chuy\u1ec3n h\u00f3a (transfat)<\/p>\n<p>\ud83d\udc49Kh\u00f4ng Cholesterol (OMG)<\/p>\n<p>\ud83c\udf40M\u00ec Soon Veggie Ramyun Nongshim \u0111\u01b0\u1ee3c tinh ch\u1ebf t\u1eeb b\u1ed9t m\u00ec th\u01b0\u1ee3ng h\u1ea1ng c\u00f9ng tinh b\u1ed9t khoai t\u00e2y l\u00e0m ra nh\u1eefng s\u1ee3i m\u00ec v\u00e0ng \u00f3ng, dai ngon v\u00e0 gi\u00e0u dinh d\u01b0\u1ee1ng.<\/p>\n<p>\ud83c\udf40V\u1ecb tr\u00e0 xanh c\u00f9ng nhi\u1ec1u lo\u1ea1i rau c\u1ee7 h\u1ea5p d\u1eabn h\u00f2a quy\u1ec7n v\u1edbi n\u01b0\u1edbc d\u00f9ng cay cay trong t\u1eebng mi\u1ebfng m\u00ec ch\u1eafc ch\u1eafn s\u1ebd khi\u1ebfn b\u1ea1n b\u1ea5t ng\u1edd.<\/p>\n<p>\ud83c\udf40Nguy\u00ean li\u1ec7u ch\u1ebf bi\u1ebfn m\u00ec \u0111\u1ec1u l\u00e0 nh\u1eefng ngu\u1ed3n th\u1ef1c ph\u1ea9m ch\u1ee9a nhi\u1ec1u vitamin c\u00f9ng canxi h\u1ed7 tr\u1ee3 ho\u1ea1t \u0111\u1ed9ng c\u1ee7a tr\u00ed n\u00e3o v\u00e0 th\u1ec3 ch\u1ea5t.<\/p>\n<p>L\u00e0 m\u1ed9t trong nh\u1eefng d\u00f2ng m\u00ec \u0111\u1eb7c bi\u1ec7t \u0111\u1ebfn t\u1eeb H\u00e0n Qu\u1ed1c \u0111\u01b0\u1ee3c thi\u1ebft k\u1ebf v\u1ecb rau n\u1ea5m v\u00e0 thu\u1ea7n chay. Gi\u00fap b\u1ea1n c\u00f3 th\u1ec3 ph\u1ee5c v\u1ee5 m\u1ed9t b\u1eeda \u0103n l\u1ea1c (\u0103n chay) nhanh h\u01a1n v\u00e0 v\u1ecb ngon th\u00ec kh\u1ecfi ph\u1ea3i b\u00e0n c\u00e3i. V\u1edbi h\u01b0\u01a1ng v\u1ecb ch\u1ee7 \u0111\u1ea1o l\u00e0 rau v\u00e0 n\u1ea5m. N\u01b0\u1edbc d\u00f9ng m\u00ec c\u00f3 v\u1ecb cay nh\u1eb9 \u0111\u1eb7c tr\u01b0ng c\u1ee7a x\u1ee9 H\u00e0n. S\u1ee3i m\u00ec tr\u00f2n, h\u01a1i dai.<\/p>\n<p>V\u1edbi n\u01b0\u1edbc d\u00f9ng th\u01a1m ngon, \u0111\u1ed1i v\u1edbi nh\u1eefng kh\u00e1ch th\u00edch m\u00f9i th\u01a1m nh\u1eb9 d\u1ecbu c\u1ee7a v\u1ecb rau n\u1ea5m th\u00ec m\u00ec chay H\u00e0n Qu\u1ed1c Soon Veggie Nongshim s\u1ebd l\u00e0 m\u1ed9t trong nh\u1eefng l\u1ef1a ch\u1ecdn tuy\u1ec7t v\u1eddi.<\/p>\n<p>Freeship to\u00e0n qu\u1ed1c \u1ea1!<\/p>\n","protected":false},"excerpt":{"rendered":"<p>M\u00cc CHAY SOON RAMYUN VEGGIE NONGSHIM 120gr [\ub18d\uc2ec-\uc218\ucd9c]\uc21c\ub77c\uba74 (\uba40\ud2f0) &#8211; Date 12 Th\u00e1ng \ud835\udde0\ud835\udddc\u0300 \ud835\udde6\ud835\udde2\ud835\udde2\ud835\udde1 &#8211; \ud835\udddf\ud835\udde2\ud835\uddd4\u0323\ud835\udddc \ud835\udde0\ud835\udddc\u0300 \ud835\uddd6\ud835\udddb\ud835\uddd4\ud835\uddec &#8220;\ud835\udff0 \ud835\uddde\ud835\udddb\u00d4\ud835\udde1\ud835\uddda&#8221; \ud835\uddd6\ud835\udde8\u0309\ud835\uddd4 \ud835\udde1\ud835\udde2\ud835\udde1\ud835\uddda\ud835\udde6\ud835\udddb\ud835\udddc\ud835\udde0. \ud83d\udc49Kh\u00f4ng th\u1ecbt \ud83d\udc49Kh\u00f4ng b\u1ed9t ng\u1ecdt \ud83d\udc49Kh\u00f4ng ch\u1ea5t b\u00e9o chuy\u1ec3n h\u00f3a (transfat) \ud83d\udc49Kh\u00f4ng Cholesterol (OMG) \ud83c\udf40M\u00ec Soon Veggie Ramyun Nongshim \u0111\u01b0\u1ee3c tinh ch\u1ebf t\u1eeb b\u1ed9t m\u00ec th\u01b0\u1ee3ng h\u1ea1ng c\u00f9ng tinh b\u1ed9t khoai t\u00e2y &hellip; <\/p>\n<div class=\"link-more text-center\"><a href=\"https:\/\/thucphamchayhoalacfood.com\/index.php\/product\/mi-soon-han-quoc-goi-112gr\/\" class=\"more-link py-2 px-4\">Read More<span class=\"screen-reader-text\"> &#8220;M\u00ec soon H\u00e0n Qu\u1ed1c g\u00f3i 112gr&#8221;<\/span><\/a><\/div>\n","protected":false},"featured_media":2053,"comment_status":"open","ping_status":"closed","template":"","meta":{"om_disable_all_campaigns":false,"_monsterinsights_skip_tracking":false,"_monsterinsights_sitenote_active":false,"_monsterinsights_sitenote_note":"","_monsterinsights_sitenote_category":0},"product_cat":[28],"product_tag":[],"_links":{"self":[{"href":"https:\/\/thucphamchayhoalacfood.com\/index.php\/wp-json\/wp\/v2\/product\/2054"}],"collection":[{"href":"https:\/\/thucphamchayhoalacfood.com\/index.php\/wp-json\/wp\/v2\/product"}],"about":[{"href":"https:\/\/thucphamchayhoalacfood.com\/index.php\/wp-json\/wp\/v2\/types\/product"}],"replies":[{"embeddable":true,"href":"https:\/\/thucphamchayhoalacfood.com\/index.php\/wp-json\/wp\/v2\/comments?post=2054"}],"wp:featuredmedia":[{"embeddable":true,"href":"https:\/\/thucphamchayhoalacfood.com\/index.php\/wp-json\/wp\/v2\/media\/2053"}],"wp:attachment":[{"href":"https:\/\/thucphamchayhoalacfood.com\/index.php\/wp-json\/wp\/v2\/media?parent=2054"}],"wp:term":[{"taxonomy":"product_cat","embeddable":true,"href":"https:\/\/thucphamchayhoalacfood.com\/index.php\/wp-json\/wp\/v2\/product_cat?post=2054"},{"taxonomy":"product_tag","embeddable":true,"href":"https:\/\/thucphamchayhoalacfood.com\/index.php\/wp-json\/wp\/v2\/product_tag?post=2054"}],"curies":[{"name":"wp","href":"https:\/\/api.w.org\/{rel}","templated":true}]}}