{"id":1660,"date":"2023-10-19T07:21:58","date_gmt":"2023-10-19T06:21:58","guid":{"rendered":"https:\/\/thucphamchayhoalacfood.com\/index.php\/product\/thit-de-chay-kho-gung-chay-150gr\/"},"modified":"2025-04-24T08:15:35","modified_gmt":"2025-04-24T07:15:35","slug":"thit-de-chay-kho-gung-chay-150gr","status":"publish","type":"product","link":"https:\/\/thucphamchayhoalacfood.com\/index.php\/product\/thit-de-chay-kho-gung-chay-150gr\/","title":{"rendered":"Th\u1ecbt d\u00ea chay Kho g\u1eebng chay 150gr"},"content":{"rendered":"<p><sup>th\u00e0nh ph\u1ea7n : thit de g\u1eebng gia v\u1ecb chay <\/sup><\/p>\n<p><sup>c\u00e1ch d\u00f9ng : m\u1edf ra lam n\u00f3ng l\u00e0 c\u00f3 th\u1ec3 an<\/sup><\/p>\n<p><sup> li\u00ean h\u1ec7 0969873871 <\/sup><\/p>\n","protected":false},"excerpt":{"rendered":"<p>th\u00e0nh ph\u1ea7n : thit de g\u1eebng gia v\u1ecb chay c\u00e1ch d\u00f9ng : m\u1edf ra lam n\u00f3ng l\u00e0 c\u00f3 th\u1ec3 an li\u00ean h\u1ec7 0969873871<\/p>\n","protected":false},"featured_media":1658,"comment_status":"open","ping_status":"closed","template":"","meta":{"om_disable_all_campaigns":false,"_monsterinsights_skip_tracking":false,"_monsterinsights_sitenote_active":false,"_monsterinsights_sitenote_note":"","_monsterinsights_sitenote_category":0},"product_cat":[24],"product_tag":[],"_links":{"self":[{"href":"https:\/\/thucphamchayhoalacfood.com\/index.php\/wp-json\/wp\/v2\/product\/1660"}],"collection":[{"href":"https:\/\/thucphamchayhoalacfood.com\/index.php\/wp-json\/wp\/v2\/product"}],"about":[{"href":"https:\/\/thucphamchayhoalacfood.com\/index.php\/wp-json\/wp\/v2\/types\/product"}],"replies":[{"embeddable":true,"href":"https:\/\/thucphamchayhoalacfood.com\/index.php\/wp-json\/wp\/v2\/comments?post=1660"}],"wp:featuredmedia":[{"embeddable":true,"href":"https:\/\/thucphamchayhoalacfood.com\/index.php\/wp-json\/wp\/v2\/media\/1658"}],"wp:attachment":[{"href":"https:\/\/thucphamchayhoalacfood.com\/index.php\/wp-json\/wp\/v2\/media?parent=1660"}],"wp:term":[{"taxonomy":"product_cat","embeddable":true,"href":"https:\/\/thucphamchayhoalacfood.com\/index.php\/wp-json\/wp\/v2\/product_cat?post=1660"},{"taxonomy":"product_tag","embeddable":true,"href":"https:\/\/thucphamchayhoalacfood.com\/index.php\/wp-json\/wp\/v2\/product_tag?post=1660"}],"curies":[{"name":"wp","href":"https:\/\/api.w.org\/{rel}","templated":true}]}}