{"id":1650,"date":"2023-10-17T13:40:52","date_gmt":"2023-10-17T12:40:52","guid":{"rendered":"https:\/\/thucphamchayhoalacfood.com\/index.php\/product\/san-pham-52\/"},"modified":"2025-02-04T08:39:10","modified_gmt":"2025-02-04T08:39:10","slug":"san-pham-52","status":"publish","type":"product","link":"https:\/\/thucphamchayhoalacfood.com\/index.php\/product\/san-pham-52\/","title":{"rendered":"M\u00ec ch\u00f9m ng\u00e2y Moringa"},"content":{"rendered":"<p>M\u00cc MORINGA CH\u00d9M NG\u00c2Y &#8211; T\u1ed0T CHO S\u1ee8C<\/p>\n<p>KH\u1eceE<\/p>\n<p>M\u00cc CH\u00d9M NG\u00c2Y C\u00d3 G\u00cc \u0110\u1eb6C BI\u1ec6T?<\/p>\n<p>\u2714 Cung c\u1ea5p vitamin C, vitamin A, Kali, ch\u1ea5t \u0111\u1ea1m<\/p>\n<p>\u2714 Kh\u00f4ng ch\u1ea5t \u0111i\u1ec1u v\u1ecb<\/p>\n<p>\u2714 Kh\u00f4ng h\u01b0\u01a1ng li\u1ec7u, ph\u1ea9m m\u00e0u<\/p>\n<p>\u2714 Kh\u00f4ng ch\u1ea5t t\u1ea1o dai<\/p>\n<p>\u2714 M\u00ec dai ngon t\u1ef1 nhi\u00ean, kh\u00f4ng b\u1ecb n\u00f3ng.<\/p>\n<p>\u0110\u1eb7c bi\u1ec7t c\u00e1c b\u00e9 r\u1ea5t y\u00eau th\u00edch m\u00f3n m\u00ec n\u00e0y b\u1edfi m\u00e0u xanh t\u1ef1 nhi\u00ean, c\u00f2n ph\u1ee5 huynh th\u00ec tuy\u1ec7t \u0111\u1ed1i an t\u00e2m khi cho con \u0103n m\u00ec rau c\u1ee7.<\/p>\n<p>M\u1ed7i l\u1ea7n \u0111\u1ebfn ng\u00e0y chay m\u00e0 kh\u00f4ng bi\u1ebft \u0103n g\u00ec th\u00ec H\u00e0 th\u01b0\u1eddng n\u1ea5u cho m\u00ecnh v\u00e0 gia \u0111\u00ecnh nh\u1eefng t\u00f4 m\u00ec ch\u00f9m ng\u00e2y th\u01a1m ngon, th\u00eam m\u1ed9t \u00edt rau n\u1ea5m m\u00e0 ai c\u0169ng t\u1ea5m t\u1eafc khen ngon.<\/p>\n<p>Lh 0969873871<\/p>\n<p>Th\u1ef1c ph\u1ea9m chay Hoa L\u1ea1c<\/p>\n","protected":false},"excerpt":{"rendered":"<p>M\u00cc MORINGA CH\u00d9M NG\u00c2Y &#8211; T\u1ed0T CHO S\u1ee8C KH\u1eceE M\u00cc CH\u00d9M NG\u00c2Y C\u00d3 G\u00cc \u0110\u1eb6C BI\u1ec6T? \u2714 Cung c\u1ea5p vitamin C, vitamin A, Kali, ch\u1ea5t \u0111\u1ea1m \u2714 Kh\u00f4ng ch\u1ea5t \u0111i\u1ec1u v\u1ecb \u2714 Kh\u00f4ng h\u01b0\u01a1ng li\u1ec7u, ph\u1ea9m m\u00e0u \u2714 Kh\u00f4ng ch\u1ea5t t\u1ea1o dai \u2714 M\u00ec dai ngon t\u1ef1 nhi\u00ean, kh\u00f4ng b\u1ecb n\u00f3ng. \u0110\u1eb7c bi\u1ec7t c\u00e1c b\u00e9 &hellip; <\/p>\n<div class=\"link-more text-center\"><a href=\"https:\/\/thucphamchayhoalacfood.com\/index.php\/product\/san-pham-52\/\" class=\"more-link py-2 px-4\">Read More<span class=\"screen-reader-text\"> &#8220;M\u00ec ch\u00f9m ng\u00e2y Moringa&#8221;<\/span><\/a><\/div>\n","protected":false},"featured_media":1653,"comment_status":"open","ping_status":"closed","template":"","meta":{"om_disable_all_campaigns":false,"_monsterinsights_skip_tracking":false,"_monsterinsights_sitenote_active":false,"_monsterinsights_sitenote_note":"","_monsterinsights_sitenote_category":0},"product_cat":[28],"product_tag":[],"_links":{"self":[{"href":"https:\/\/thucphamchayhoalacfood.com\/index.php\/wp-json\/wp\/v2\/product\/1650"}],"collection":[{"href":"https:\/\/thucphamchayhoalacfood.com\/index.php\/wp-json\/wp\/v2\/product"}],"about":[{"href":"https:\/\/thucphamchayhoalacfood.com\/index.php\/wp-json\/wp\/v2\/types\/product"}],"replies":[{"embeddable":true,"href":"https:\/\/thucphamchayhoalacfood.com\/index.php\/wp-json\/wp\/v2\/comments?post=1650"}],"wp:featuredmedia":[{"embeddable":true,"href":"https:\/\/thucphamchayhoalacfood.com\/index.php\/wp-json\/wp\/v2\/media\/1653"}],"wp:attachment":[{"href":"https:\/\/thucphamchayhoalacfood.com\/index.php\/wp-json\/wp\/v2\/media?parent=1650"}],"wp:term":[{"taxonomy":"product_cat","embeddable":true,"href":"https:\/\/thucphamchayhoalacfood.com\/index.php\/wp-json\/wp\/v2\/product_cat?post=1650"},{"taxonomy":"product_tag","embeddable":true,"href":"https:\/\/thucphamchayhoalacfood.com\/index.php\/wp-json\/wp\/v2\/product_tag?post=1650"}],"curies":[{"name":"wp","href":"https:\/\/api.w.org\/{rel}","templated":true}]}}