{"id":1444,"date":"2023-09-24T08:23:25","date_gmt":"2023-09-24T07:23:25","guid":{"rendered":"https:\/\/thucphamchayhoalacfood.com\/index.php\/product\/chao-mon-dai-sieu-beo-900gr\/"},"modified":"2023-09-24T08:23:34","modified_gmt":"2023-09-24T07:23:34","slug":"chao-mon-dai-sieu-beo-900gr","status":"publish","type":"product","link":"https:\/\/thucphamchayhoalacfood.com\/index.php\/product\/chao-mon-dai-sieu-beo-900gr\/","title":{"rendered":"Chao m\u00f4n \u0111\u1ea1i si\u00eau b\u00e9o 900gr"},"content":{"rendered":"<p>Th\u00e0nh ph\u1ea7n : m\u00f4n  gia v\u1ecb chay<\/p>\n<p>Gia v\u1ecb v\u1eeba \u0103n v\u1ec1 c\u00f3 th\u1ec3 an li\u1ec1n kh\u00f4ng c\u1ea7n n\u00eam n\u1ebfm<\/p>\n","protected":false},"excerpt":{"rendered":"<p>Th\u00e0nh ph\u1ea7n : m\u00f4n gia v\u1ecb chay Gia v\u1ecb v\u1eeba \u0103n v\u1ec1 c\u00f3 th\u1ec3 an li\u1ec1n kh\u00f4ng c\u1ea7n n\u00eam n\u1ebfm<\/p>\n","protected":false},"featured_media":1443,"comment_status":"open","ping_status":"closed","template":"","meta":{"om_disable_all_campaigns":false,"_monsterinsights_skip_tracking":false,"_monsterinsights_sitenote_active":false,"_monsterinsights_sitenote_note":"","_monsterinsights_sitenote_category":0},"product_cat":[25],"product_tag":[],"_links":{"self":[{"href":"https:\/\/thucphamchayhoalacfood.com\/index.php\/wp-json\/wp\/v2\/product\/1444"}],"collection":[{"href":"https:\/\/thucphamchayhoalacfood.com\/index.php\/wp-json\/wp\/v2\/product"}],"about":[{"href":"https:\/\/thucphamchayhoalacfood.com\/index.php\/wp-json\/wp\/v2\/types\/product"}],"replies":[{"embeddable":true,"href":"https:\/\/thucphamchayhoalacfood.com\/index.php\/wp-json\/wp\/v2\/comments?post=1444"}],"wp:featuredmedia":[{"embeddable":true,"href":"https:\/\/thucphamchayhoalacfood.com\/index.php\/wp-json\/wp\/v2\/media\/1443"}],"wp:attachment":[{"href":"https:\/\/thucphamchayhoalacfood.com\/index.php\/wp-json\/wp\/v2\/media?parent=1444"}],"wp:term":[{"taxonomy":"product_cat","embeddable":true,"href":"https:\/\/thucphamchayhoalacfood.com\/index.php\/wp-json\/wp\/v2\/product_cat?post=1444"},{"taxonomy":"product_tag","embeddable":true,"href":"https:\/\/thucphamchayhoalacfood.com\/index.php\/wp-json\/wp\/v2\/product_tag?post=1444"}],"curies":[{"name":"wp","href":"https:\/\/api.w.org\/{rel}","templated":true}]}}