{"id":142,"date":"2023-09-08T04:14:28","date_gmt":"2023-09-08T03:14:28","guid":{"rendered":"https:\/\/thucphamchayhoalacfood.com\/?post_type=product&#038;p=142"},"modified":"2025-04-24T07:59:59","modified_gmt":"2025-04-24T06:59:59","slug":"heo-sua-nho-chay-nguyen-con-tri-hue","status":"publish","type":"product","link":"https:\/\/thucphamchayhoalacfood.com\/index.php\/product\/heo-sua-nho-chay-nguyen-con-tri-hue\/","title":{"rendered":"Heo s\u1eefa nh\u1ecf chay nguy\u00ean con Tr\u00ed Hu\u1ec7"},"content":{"rendered":"\n<p>gia v\u1ecb thu\u1ea7n chay m\u00e0 d\u00f9ng \u0111\u1ec3 chi\u00ean , n\u01b0\u1edbng \u0103n k\u00e8m v\u1edbi b\u00e1nh bao, b\u00e1nh h\u1ecfi, b\u00fan r\u1ea5t ngon hsd 1 n\u0103m k\u1ec3 t\u1eeb ng\u00e0y s\u1ea3n xu\u1ea5t<\/p>\n","protected":false},"excerpt":{"rendered":"<p>gia v\u1ecb thu\u1ea7n chay m\u00e0 d\u00f9ng \u0111\u1ec3 chi\u00ean , n\u01b0\u1edbng \u0103n k\u00e8m v\u1edbi b\u00e1nh bao, b\u00e1nh h\u1ecfi, b\u00fan r\u1ea5t ngon hsd 1 n\u0103m k\u1ec3 t\u1eeb ng\u00e0y s\u1ea3n xu\u1ea5t<\/p>\n","protected":false},"featured_media":141,"comment_status":"open","ping_status":"closed","template":"","meta":{"om_disable_all_campaigns":false,"_monsterinsights_skip_tracking":false,"_monsterinsights_sitenote_active":false,"_monsterinsights_sitenote_note":"","_monsterinsights_sitenote_category":0},"product_cat":[24],"product_tag":[],"_links":{"self":[{"href":"https:\/\/thucphamchayhoalacfood.com\/index.php\/wp-json\/wp\/v2\/product\/142"}],"collection":[{"href":"https:\/\/thucphamchayhoalacfood.com\/index.php\/wp-json\/wp\/v2\/product"}],"about":[{"href":"https:\/\/thucphamchayhoalacfood.com\/index.php\/wp-json\/wp\/v2\/types\/product"}],"replies":[{"embeddable":true,"href":"https:\/\/thucphamchayhoalacfood.com\/index.php\/wp-json\/wp\/v2\/comments?post=142"}],"wp:featuredmedia":[{"embeddable":true,"href":"https:\/\/thucphamchayhoalacfood.com\/index.php\/wp-json\/wp\/v2\/media\/141"}],"wp:attachment":[{"href":"https:\/\/thucphamchayhoalacfood.com\/index.php\/wp-json\/wp\/v2\/media?parent=142"}],"wp:term":[{"taxonomy":"product_cat","embeddable":true,"href":"https:\/\/thucphamchayhoalacfood.com\/index.php\/wp-json\/wp\/v2\/product_cat?post=142"},{"taxonomy":"product_tag","embeddable":true,"href":"https:\/\/thucphamchayhoalacfood.com\/index.php\/wp-json\/wp\/v2\/product_tag?post=142"}],"curies":[{"name":"wp","href":"https:\/\/api.w.org\/{rel}","templated":true}]}}