{"id":1418,"date":"2023-09-24T05:17:55","date_gmt":"2023-09-24T04:17:55","guid":{"rendered":"https:\/\/thucphamchayhoalacfood.com\/index.php\/product\/thit-de-chay-kho-gung-au-lac-150gr\/"},"modified":"2025-07-26T07:01:57","modified_gmt":"2025-07-26T06:01:57","slug":"thit-de-chay-kho-gung-au-lac-150gr","status":"publish","type":"product","link":"https:\/\/thucphamchayhoalacfood.com\/index.php\/product\/thit-de-chay-kho-gung-au-lac-150gr\/","title":{"rendered":"Th\u1ecbt d\u00ea chay kho g\u1eebng \u00c2u L\u1ea1c 150gr"},"content":{"rendered":"<p>M\u00f3n \u0103n \u0111\u01a1n gi\u1ea3n d\u1ec5 l\u00e0m cho nh\u1eefng ng\u00e0y b\u1eadn r\u1ed9n kh\u00f4ng bi\u1ebft \u0103n g\u00ec<\/p>\n<p>Th\u00e0nh ph\u1ea7n :thit d\u00ea g\u1eebng v\u00e0 gia v\u1ecb thu\u1ea7n chay<\/p>\n<p>D\u00f9ng \u0111\u1ec3 \u0103n c\u01a1m hay b\u00e1nh m\u00ec \u0111\u1ec1u ngon \u2026<\/p>\n<p>Ngon l\u1eafm c\u1ea3 nh\u00e0 \u01a1i<\/p>\n<p>H\u1ed1t li\u1ec1n \u0111\u1ec3 d\u00f9ng d\u1ea7n ne<\/p>\n<p>Hsd 1 n\u0103m l\u1eadn ne<\/p>\n<p>Lh 0969873871<\/p>\n<p>Th\u1ef1c ph\u1ea9m chay Hoa L\u1ea1c<\/p>\n<p>33 tho\u1ea1i Ng\u1ecdc H\u1ea7u Ho\u00e0 Th\u1ea1nh T\u00e2n ph\u00fa<\/p>\n","protected":false},"excerpt":{"rendered":"<p>M\u00f3n \u0103n \u0111\u01a1n gi\u1ea3n d\u1ec5 l\u00e0m cho nh\u1eefng ng\u00e0y b\u1eadn r\u1ed9n kh\u00f4ng bi\u1ebft \u0103n g\u00ec Th\u00e0nh ph\u1ea7n :thit d\u00ea g\u1eebng v\u00e0 gia v\u1ecb thu\u1ea7n chay D\u00f9ng \u0111\u1ec3 \u0103n c\u01a1m hay b\u00e1nh m\u00ec \u0111\u1ec1u ngon \u2026 Ngon l\u1eafm c\u1ea3 nh\u00e0 \u01a1i H\u1ed1t li\u1ec1n \u0111\u1ec3 d\u00f9ng d\u1ea7n ne Hsd 1 n\u0103m l\u1eadn ne Lh 0969873871 Th\u1ef1c ph\u1ea9m &hellip; <\/p>\n<div class=\"link-more text-center\"><a href=\"https:\/\/thucphamchayhoalacfood.com\/index.php\/product\/thit-de-chay-kho-gung-au-lac-150gr\/\" class=\"more-link py-2 px-4\">Read More<span class=\"screen-reader-text\"> &#8220;Th\u1ecbt d\u00ea chay kho g\u1eebng \u00c2u L\u1ea1c 150gr&#8221;<\/span><\/a><\/div>\n","protected":false},"featured_media":1417,"comment_status":"open","ping_status":"closed","template":"","meta":{"om_disable_all_campaigns":false,"_monsterinsights_skip_tracking":false,"_monsterinsights_sitenote_active":false,"_monsterinsights_sitenote_note":"","_monsterinsights_sitenote_category":0},"product_cat":[26],"product_tag":[],"_links":{"self":[{"href":"https:\/\/thucphamchayhoalacfood.com\/index.php\/wp-json\/wp\/v2\/product\/1418"}],"collection":[{"href":"https:\/\/thucphamchayhoalacfood.com\/index.php\/wp-json\/wp\/v2\/product"}],"about":[{"href":"https:\/\/thucphamchayhoalacfood.com\/index.php\/wp-json\/wp\/v2\/types\/product"}],"replies":[{"embeddable":true,"href":"https:\/\/thucphamchayhoalacfood.com\/index.php\/wp-json\/wp\/v2\/comments?post=1418"}],"wp:featuredmedia":[{"embeddable":true,"href":"https:\/\/thucphamchayhoalacfood.com\/index.php\/wp-json\/wp\/v2\/media\/1417"}],"wp:attachment":[{"href":"https:\/\/thucphamchayhoalacfood.com\/index.php\/wp-json\/wp\/v2\/media?parent=1418"}],"wp:term":[{"taxonomy":"product_cat","embeddable":true,"href":"https:\/\/thucphamchayhoalacfood.com\/index.php\/wp-json\/wp\/v2\/product_cat?post=1418"},{"taxonomy":"product_tag","embeddable":true,"href":"https:\/\/thucphamchayhoalacfood.com\/index.php\/wp-json\/wp\/v2\/product_tag?post=1418"}],"curies":[{"name":"wp","href":"https:\/\/api.w.org\/{rel}","templated":true}]}}