{"id":1360,"date":"2023-09-21T09:33:57","date_gmt":"2023-09-21T08:33:57","guid":{"rendered":"https:\/\/thucphamchayhoalacfood.com\/index.php\/product\/nam-meo-500gr\/"},"modified":"2025-02-04T08:47:01","modified_gmt":"2025-02-04T08:47:01","slug":"nam-meo-500gr","status":"publish","type":"product","link":"https:\/\/thucphamchayhoalacfood.com\/index.php\/product\/nam-meo-500gr\/","title":{"rendered":"N\u1ea5m m\u00e8o 500gr \u0111\u00e0 L\u1ea1t"},"content":{"rendered":"<p>n\u1ea5m m\u00e8o tai nh\u1ecf gi\u00f2n ngon<\/p>\n<p>lh 0969873871<\/p>\n<p>Thuc ph\u1ea9m chay Hoa L\u1ea1c<\/p>\n<p>dc 33 tho\u1ea1i Ng\u1ecdc h\u1ea7u h\u00f2a th\u00e0nh T\u00e2n Ph\u00fa<\/p>\n","protected":false},"excerpt":{"rendered":"<p>n\u1ea5m m\u00e8o tai nh\u1ecf gi\u00f2n ngon lh 0969873871 Thuc ph\u1ea9m chay Hoa L\u1ea1c dc 33 tho\u1ea1i Ng\u1ecdc h\u1ea7u h\u00f2a th\u00e0nh T\u00e2n Ph\u00fa<\/p>\n","protected":false},"featured_media":1359,"comment_status":"open","ping_status":"closed","template":"","meta":{"om_disable_all_campaigns":false,"_monsterinsights_skip_tracking":false,"_monsterinsights_sitenote_active":false,"_monsterinsights_sitenote_note":"","_monsterinsights_sitenote_category":0},"product_cat":[23],"product_tag":[],"_links":{"self":[{"href":"https:\/\/thucphamchayhoalacfood.com\/index.php\/wp-json\/wp\/v2\/product\/1360"}],"collection":[{"href":"https:\/\/thucphamchayhoalacfood.com\/index.php\/wp-json\/wp\/v2\/product"}],"about":[{"href":"https:\/\/thucphamchayhoalacfood.com\/index.php\/wp-json\/wp\/v2\/types\/product"}],"replies":[{"embeddable":true,"href":"https:\/\/thucphamchayhoalacfood.com\/index.php\/wp-json\/wp\/v2\/comments?post=1360"}],"wp:featuredmedia":[{"embeddable":true,"href":"https:\/\/thucphamchayhoalacfood.com\/index.php\/wp-json\/wp\/v2\/media\/1359"}],"wp:attachment":[{"href":"https:\/\/thucphamchayhoalacfood.com\/index.php\/wp-json\/wp\/v2\/media?parent=1360"}],"wp:term":[{"taxonomy":"product_cat","embeddable":true,"href":"https:\/\/thucphamchayhoalacfood.com\/index.php\/wp-json\/wp\/v2\/product_cat?post=1360"},{"taxonomy":"product_tag","embeddable":true,"href":"https:\/\/thucphamchayhoalacfood.com\/index.php\/wp-json\/wp\/v2\/product_tag?post=1360"}],"curies":[{"name":"wp","href":"https:\/\/api.w.org\/{rel}","templated":true}]}}