{"id":1351,"date":"2023-09-21T09:27:21","date_gmt":"2023-09-21T08:27:21","guid":{"rendered":"https:\/\/thucphamchayhoalacfood.com\/index.php\/product\/ba-roi-chay\/"},"modified":"2024-08-13T09:51:13","modified_gmt":"2024-08-13T08:51:13","slug":"ba-roi-chay","status":"publish","type":"product","link":"https:\/\/thucphamchayhoalacfood.com\/index.php\/product\/ba-roi-chay\/","title":{"rendered":"Ba r\u1ecdi chay"},"content":{"rendered":"<p>theo y\u00eau c\u1ea7u c\u1ee7a kh\u00e1ch n\u00ean c\u1eeda h\u00e0ng t\u00ecm nh\u1eefng m\u00f3n l\u00e0m s\u1eb5n cho kh\u00e1ch kh\u00f4ng c\u00f3 th\u1eddi gian n\u1ea5u<\/p>\n<p>Nh\u1eefng m\u00f3n l\u00e0m s\u1eb5n ch\u1ec9 c\u1ea7n l\u00e0m n\u00f3ng l\u1ea1i l\u00e0 c\u00f3 th\u1ec3 d\u00f9ng v\u1eeba ngon v\u1eeba ti\u1ec7n l\u1ee3i<\/p>\n<p>C\u00f3 th\u1ec3 mang \u0111i xa du l\u1ecbch \u0111\u1ec1u \u0111\u01b0\u1ee3c<\/p>\n<p>\u0110\u1ea3m b\u1ea3o ngon v\u00e0 s\u1ea1ch nhe<\/p>\n<p>T\u00fai nh\u1ecf g\u1ecdn t\u1ea7m 150gr_200gr cho kh\u00e1ch nhe<\/p>\n<p>Lh 0969873871<\/p>\n<p>Th\u1ef1c ph\u1ea9m chay hoa L\u1ea1c<\/p>\n<p>Dc 33 tho\u1ea1i Ng\u1ecdc h\u1ea7u ho\u00e0 th\u1ea1nh T\u00e2n Ph\u00fa<\/p>\n","protected":false},"excerpt":{"rendered":"<p>theo y\u00eau c\u1ea7u c\u1ee7a kh\u00e1ch n\u00ean c\u1eeda h\u00e0ng t\u00ecm nh\u1eefng m\u00f3n l\u00e0m s\u1eb5n cho kh\u00e1ch kh\u00f4ng c\u00f3 th\u1eddi gian n\u1ea5u Nh\u1eefng m\u00f3n l\u00e0m s\u1eb5n ch\u1ec9 c\u1ea7n l\u00e0m n\u00f3ng l\u1ea1i l\u00e0 c\u00f3 th\u1ec3 d\u00f9ng v\u1eeba ngon v\u1eeba ti\u1ec7n l\u1ee3i C\u00f3 th\u1ec3 mang \u0111i xa du l\u1ecbch \u0111\u1ec1u \u0111\u01b0\u1ee3c \u0110\u1ea3m b\u1ea3o ngon v\u00e0 s\u1ea1ch nhe T\u00fai nh\u1ecf &hellip; <\/p>\n<div class=\"link-more text-center\"><a href=\"https:\/\/thucphamchayhoalacfood.com\/index.php\/product\/ba-roi-chay\/\" class=\"more-link py-2 px-4\">Read More<span class=\"screen-reader-text\"> &#8220;Ba r\u1ecdi chay&#8221;<\/span><\/a><\/div>\n","protected":false},"featured_media":1350,"comment_status":"open","ping_status":"closed","template":"","meta":{"om_disable_all_campaigns":false,"_monsterinsights_skip_tracking":false,"_monsterinsights_sitenote_active":false,"_monsterinsights_sitenote_note":"","_monsterinsights_sitenote_category":0},"product_cat":[24],"product_tag":[],"_links":{"self":[{"href":"https:\/\/thucphamchayhoalacfood.com\/index.php\/wp-json\/wp\/v2\/product\/1351"}],"collection":[{"href":"https:\/\/thucphamchayhoalacfood.com\/index.php\/wp-json\/wp\/v2\/product"}],"about":[{"href":"https:\/\/thucphamchayhoalacfood.com\/index.php\/wp-json\/wp\/v2\/types\/product"}],"replies":[{"embeddable":true,"href":"https:\/\/thucphamchayhoalacfood.com\/index.php\/wp-json\/wp\/v2\/comments?post=1351"}],"wp:featuredmedia":[{"embeddable":true,"href":"https:\/\/thucphamchayhoalacfood.com\/index.php\/wp-json\/wp\/v2\/media\/1350"}],"wp:attachment":[{"href":"https:\/\/thucphamchayhoalacfood.com\/index.php\/wp-json\/wp\/v2\/media?parent=1351"}],"wp:term":[{"taxonomy":"product_cat","embeddable":true,"href":"https:\/\/thucphamchayhoalacfood.com\/index.php\/wp-json\/wp\/v2\/product_cat?post=1351"},{"taxonomy":"product_tag","embeddable":true,"href":"https:\/\/thucphamchayhoalacfood.com\/index.php\/wp-json\/wp\/v2\/product_tag?post=1351"}],"curies":[{"name":"wp","href":"https:\/\/api.w.org\/{rel}","templated":true}]}}