{"id":1265,"date":"2023-09-20T04:11:57","date_gmt":"2023-09-20T03:11:57","guid":{"rendered":"https:\/\/thucphamchayhoalacfood.com\/?post_type=product&#038;p=1265"},"modified":"2024-08-13T10:13:35","modified_gmt":"2024-08-13T09:13:35","slug":"cha-lua-mach-rang-500gr","status":"publish","type":"product","link":"https:\/\/thucphamchayhoalacfood.com\/index.php\/product\/cha-lua-mach-rang-500gr\/","title":{"rendered":"ch\u1ea3 l\u00faa mach rang 500gr"},"content":{"rendered":"\n<p>d\u00f9ng \u0111\u1ec3 chi\u00ean an c\u1ecfm , b\u00e1nh m\u00ec<br>th\u00e0nh ph\u1ea7n l\u00faa m\u1ea1ch ,n\u1ea5m gia vi thu\u1ea7n chay<br>\u0111ia ch\u1ec9 33 thoai ngoc h\u1ea7u h\u00f2a th\u1ea1nh t\u00e2n ph\u00fa<\/p>\n","protected":false},"excerpt":{"rendered":"<p>d\u00f9ng \u0111\u1ec3 chi\u00ean an c\u1ecfm , b\u00e1nh m\u00ecth\u00e0nh ph\u1ea7n l\u00faa m\u1ea1ch ,n\u1ea5m gia vi thu\u1ea7n chay\u0111ia ch\u1ec9 33 thoai ngoc h\u1ea7u h\u00f2a th\u1ea1nh t\u00e2n ph\u00fa<\/p>\n","protected":false},"featured_media":1266,"comment_status":"open","ping_status":"closed","template":"","meta":{"om_disable_all_campaigns":false,"_monsterinsights_skip_tracking":false,"_monsterinsights_sitenote_active":false,"_monsterinsights_sitenote_note":"","_monsterinsights_sitenote_category":0},"product_cat":[24],"product_tag":[],"_links":{"self":[{"href":"https:\/\/thucphamchayhoalacfood.com\/index.php\/wp-json\/wp\/v2\/product\/1265"}],"collection":[{"href":"https:\/\/thucphamchayhoalacfood.com\/index.php\/wp-json\/wp\/v2\/product"}],"about":[{"href":"https:\/\/thucphamchayhoalacfood.com\/index.php\/wp-json\/wp\/v2\/types\/product"}],"replies":[{"embeddable":true,"href":"https:\/\/thucphamchayhoalacfood.com\/index.php\/wp-json\/wp\/v2\/comments?post=1265"}],"wp:featuredmedia":[{"embeddable":true,"href":"https:\/\/thucphamchayhoalacfood.com\/index.php\/wp-json\/wp\/v2\/media\/1266"}],"wp:attachment":[{"href":"https:\/\/thucphamchayhoalacfood.com\/index.php\/wp-json\/wp\/v2\/media?parent=1265"}],"wp:term":[{"taxonomy":"product_cat","embeddable":true,"href":"https:\/\/thucphamchayhoalacfood.com\/index.php\/wp-json\/wp\/v2\/product_cat?post=1265"},{"taxonomy":"product_tag","embeddable":true,"href":"https:\/\/thucphamchayhoalacfood.com\/index.php\/wp-json\/wp\/v2\/product_tag?post=1265"}],"curies":[{"name":"wp","href":"https:\/\/api.w.org\/{rel}","templated":true}]}}