{"id":1203,"date":"2023-09-20T03:43:28","date_gmt":"2023-09-20T02:43:28","guid":{"rendered":"https:\/\/thucphamchayhoalacfood.com\/?post_type=product&#038;p=1203"},"modified":"2023-09-20T17:53:03","modified_gmt":"2023-09-20T16:53:03","slug":"ca-loc-kho-tieu-au-lac-chay-150grf","status":"publish","type":"product","link":"https:\/\/thucphamchayhoalacfood.com\/index.php\/product\/ca-loc-kho-tieu-au-lac-chay-150grf\/","title":{"rendered":"C\u00e1 l\u00f3c kho ti\u00eau \u00c2u L\u1ea1c chay 150grf"},"content":{"rendered":"\n<p>\u0111\u1ea1m \u0111\u1eadu n\u00e0nh gia v\u1ecb thu\u1ea7n chay<br>m\u1edf n\u1eafm c\u00f3 th\u1ec3 l\u00e0m n\u00f3ng hoac \u0103n li\u1ec1n \u0111\u1ec1u \u0111\u01b0\u1ee3c<br>Th\u1ef1c ph\u1ea9m \u0111\u00f3ng h\u1ed9p<br>Ti\u1ec7n l\u1ee3i<\/p>\n","protected":false},"excerpt":{"rendered":"<p>\u0111\u1ea1m \u0111\u1eadu n\u00e0nh gia v\u1ecb thu\u1ea7n chaym\u1edf n\u1eafm c\u00f3 th\u1ec3 l\u00e0m n\u00f3ng hoac \u0103n li\u1ec1n \u0111\u1ec1u \u0111\u01b0\u1ee3cTh\u1ef1c ph\u1ea9m \u0111\u00f3ng h\u1ed9pTi\u1ec7n l\u1ee3i<\/p>\n","protected":false},"featured_media":1204,"comment_status":"open","ping_status":"closed","template":"","meta":{"om_disable_all_campaigns":false,"_monsterinsights_skip_tracking":false,"_monsterinsights_sitenote_active":false,"_monsterinsights_sitenote_note":"","_monsterinsights_sitenote_category":0},"product_cat":[26],"product_tag":[],"_links":{"self":[{"href":"https:\/\/thucphamchayhoalacfood.com\/index.php\/wp-json\/wp\/v2\/product\/1203"}],"collection":[{"href":"https:\/\/thucphamchayhoalacfood.com\/index.php\/wp-json\/wp\/v2\/product"}],"about":[{"href":"https:\/\/thucphamchayhoalacfood.com\/index.php\/wp-json\/wp\/v2\/types\/product"}],"replies":[{"embeddable":true,"href":"https:\/\/thucphamchayhoalacfood.com\/index.php\/wp-json\/wp\/v2\/comments?post=1203"}],"wp:featuredmedia":[{"embeddable":true,"href":"https:\/\/thucphamchayhoalacfood.com\/index.php\/wp-json\/wp\/v2\/media\/1204"}],"wp:attachment":[{"href":"https:\/\/thucphamchayhoalacfood.com\/index.php\/wp-json\/wp\/v2\/media?parent=1203"}],"wp:term":[{"taxonomy":"product_cat","embeddable":true,"href":"https:\/\/thucphamchayhoalacfood.com\/index.php\/wp-json\/wp\/v2\/product_cat?post=1203"},{"taxonomy":"product_tag","embeddable":true,"href":"https:\/\/thucphamchayhoalacfood.com\/index.php\/wp-json\/wp\/v2\/product_tag?post=1203"}],"curies":[{"name":"wp","href":"https:\/\/api.w.org\/{rel}","templated":true}]}}